{"id":13,"date":"2018-09-14T16:58:53","date_gmt":"2018-09-14T14:58:53","guid":{"rendered":"http:\/\/lukaszabramczuk.com\/wspa\/?page_id=13"},"modified":"2025-05-08T13:12:49","modified_gmt":"2025-05-08T11:12:49","slug":"informacje","status":"publish","type":"page","link":"https:\/\/abk.wspa.pl\/index.php\/pl\/informacje\/","title":{"rendered":"Informacje"},"content":{"rendered":"<p>[et_pb_section fb_built=&#8221;1&#8243; background_color=&#8221;rgba(0,0,0,0.05)&#8221; _builder_version=&#8221;3.0.106&#8243; background_image=&#8221;http:\/\/lukaszabramczuk.com\/wspa\/wp-content\/uploads\/2018\/11\/samo2.png&#8221; parallax=&#8221;on&#8221; parallax_method=&#8221;off&#8221; custom_padding=&#8221;0|0px|0|0px&#8221;][et_pb_row custom_padding=&#8221;60px|0px|60px|0px&#8221; _builder_version=&#8221;3.0.106&#8243;][et_pb_column type=&#8221;4_4&#8243; _builder_version=&#8221;3.0.47&#8243; parallax=&#8221;off&#8221; parallax_method=&#8221;on&#8221;][et_pb_text _builder_version=&#8221;3.0.106&#8243; text_font=&#8221;Montserrat|300||on|||||&#8221; text_font_size=&#8221;20px&#8221; text_font_size_phone=&#8221;12px&#8221; text_font_size_last_edited=&#8221;on|tablet&#8221; text_line_height=&#8221;1.8em&#8221; header_font=&#8221;||||||||&#8221; border_width_all=&#8221;1px&#8221; border_color_all=&#8221;#c9c9c9&#8243; text_orientation=&#8221;center&#8221; custom_padding=&#8221;10px|10px|10px|10px&#8221;]Biuro Karier w Wy\u017cszej Szkole Przedsi\u0119biorczo\u015bci i Administracji w Lublinie \u015bwiadczy us\u0142ugi doradcze z zakresu projektowania \u015bcie\u017cki edukacyjnej i rozwojowej dla kandydat\u00f3w, student\u00f3w i absolwent\u00f3w. Przygotowuje te osoby do swobodnego poruszaniu si\u0119 po do\u015b\u0107 dynamicznie zmieniaj\u0105cym si\u0119 rynku pracy.<br \/>\n[\/et_pb_text][\/et_pb_column][\/et_pb_row][\/et_pb_section][et_pb_section fb_built=&#8221;1&#8243; next_background_color=&#8221;rgba(0,0,0,0.05)&#8221; _builder_version=&#8221;3.0.106&#8243; background_size=&#8221;initial&#8221; background_position=&#8221;top_center&#8221; background_repeat=&#8221;repeat&#8221; custom_padding=&#8221;0|0px|54px|0px&#8221; top_divider_color=&#8221;rgba(0,0,0,0.08)&#8221; top_divider_height=&#8221;107px&#8221; top_divider_flip=&#8221;vertical|horizontal&#8221; bottom_divider_style=&#8221;arrow3&#8243;][et_pb_row custom_padding=&#8221;100px|0px|70px|0px&#8221; custom_padding_phone=&#8221;50px|0px|50px|0px&#8221; background_color=&#8221;#ffffff&#8221; custom_padding_last_edited=&#8221;on|phone&#8221; _builder_version=&#8221;3.0.106&#8243;][et_pb_column type=&#8221;4_4&#8243; _builder_version=&#8221;3.0.47&#8243; parallax=&#8221;off&#8221; parallax_method=&#8221;on&#8221;][et_pb_text _builder_version=&#8221;3.0.106&#8243; text_font=&#8221;Montserrat|300||on|||||&#8221; text_font_size=&#8221;30px&#8221; text_font_size_phone=&#8221;21px&#8221; text_font_size_last_edited=&#8221;on|desktop&#8221; text_letter_spacing=&#8221;2px&#8221; text_line_height_phone=&#8221;2em&#8221; text_line_height_last_edited=&#8221;on|desktop&#8221; link_font=&#8221;||||||||&#8221; ul_font=&#8221;||||||||&#8221; header_font=&#8221;||||||||&#8221; header_font_size_last_edited=&#8221;off|desktop&#8221; header_line_height_last_edited=&#8221;off|desktop&#8221; text_orientation=&#8221;center&#8221; animation_style=&#8221;slide&#8221; animation_direction=&#8221;bottom&#8221;]<span style=\"color: #000000;\">Do zada\u0144 Biura Karier nale\u017cy:<\/span><br \/>\n[\/et_pb_text][\/et_pb_column][\/et_pb_row][et_pb_row custom_padding=&#8221;0|0px|0|0px&#8221; background_color=&#8221;#ffffff&#8221; _builder_version=&#8221;3.0.106&#8243;][et_pb_column type=&#8221;1_3&#8243; _builder_version=&#8221;3.0.47&#8243; parallax=&#8221;off&#8221; parallax_method=&#8221;on&#8221;][et_pb_blurb use_icon=&#8221;on&#8221; font_icon=&#8221;%%158%%&#8221; icon_color=&#8221;#e03a31&#8243; use_icon_font_size=&#8221;on&#8221; icon_font_size_last_edited=&#8221;on|desktop&#8221; icon_font_size=&#8221;80px&#8221; icon_font_size_phone=&#8221;60px&#8221; _builder_version=&#8221;3.0.106&#8243; body_font=&#8221;||||||||&#8221; body_font_size_phone=&#8221;12px&#8221; body_font_size_last_edited=&#8221;on|desktop&#8221; text_orientation=&#8221;center&#8221; custom_margin_phone=&#8221;||30px|&#8221; custom_margin_last_edited=&#8221;on|desktop&#8221; custom_padding_last_edited=&#8221;off|desktop&#8221; animation_style=&#8221;bounce&#8221; animation_delay=&#8221;200ms&#8221;]Pomoc w\u00a0wyborze w\u0142a\u015bciwej \u015bcie\u017cki kariery zawodowej i\u00a0edukacyjnej oraz zdobyciu odpowiednich kwalifikacji i\u00a0do\u015bwiadcze\u0144 zawodowych<br \/>\n[\/et_pb_blurb][\/et_pb_column][et_pb_column type=&#8221;1_3&#8243; _builder_version=&#8221;3.0.47&#8243; parallax=&#8221;off&#8221; parallax_method=&#8221;on&#8221;][et_pb_blurb use_icon=&#8221;on&#8221; font_icon=&#8221;%%71%%&#8221; icon_color=&#8221;#e03a31&#8243; use_icon_font_size=&#8221;on&#8221; icon_font_size_last_edited=&#8221;on|desktop&#8221; icon_font_size=&#8221;80px&#8221; icon_font_size_phone=&#8221;60px&#8221; _builder_version=&#8221;3.0.106&#8243; body_font=&#8221;||||||||&#8221; body_font_size_phone=&#8221;12px&#8221; body_font_size_last_edited=&#8221;on|desktop&#8221; text_orientation=&#8221;center&#8221; custom_margin_phone=&#8221;||30px|&#8221; custom_margin_last_edited=&#8221;on|desktop&#8221; animation_style=&#8221;bounce&#8221;]Indywidualne wsparcie zwi\u0105zane z\u00a0przygotowaniem dokument\u00f3w aplikacyjnych, jak i\u00a0przygotowaniem kandydata do procesu rekrutacyjnego<br \/>\n[\/et_pb_blurb][\/et_pb_column][et_pb_column type=&#8221;1_3&#8243; _builder_version=&#8221;3.0.47&#8243; parallax=&#8221;off&#8221; parallax_method=&#8221;on&#8221;][et_pb_blurb use_icon=&#8221;on&#8221; font_icon=&#8221;%%176%%&#8221; icon_color=&#8221;#e03a31&#8243; use_icon_font_size=&#8221;on&#8221; icon_font_size_last_edited=&#8221;on|desktop&#8221; icon_font_size=&#8221;80px&#8221; icon_font_size_phone=&#8221;60px&#8221; _builder_version=&#8221;3.0.106&#8243; body_font=&#8221;||||||||&#8221; body_font_size_phone=&#8221;12px&#8221; body_font_size_last_edited=&#8221;on|desktop&#8221; text_orientation=&#8221;center&#8221; custom_margin_phone=&#8221;||30px|&#8221; custom_margin_last_edited=&#8221;on|desktop&#8221; animation_style=&#8221;bounce&#8221; animation_delay=&#8221;400ms&#8221;]Organizacja szkole\u0144 i warsztat\u00f3w zwi\u0105zanych z przekazaniem szerokiej wiedzy na temat funkcjonowania obecnego rynku pracy, \u015brodk\u00f3w i sposob\u00f3w poszukiwania pracy, ukierunkowanych na obecne oczekiwania pracodawc\u00f3w<br \/>\n[\/et_pb_blurb][\/et_pb_column][\/et_pb_row][et_pb_row use_custom_width=&#8221;on&#8221; custom_width_px=&#8221;800px&#8221; custom_padding=&#8221;0|0px|65px|0px&#8221; background_color=&#8221;#ffffff&#8221; _builder_version=&#8221;3.0.106&#8243;][et_pb_column type=&#8221;1_2&#8243; _builder_version=&#8221;3.0.47&#8243; parallax=&#8221;off&#8221; parallax_method=&#8221;on&#8221;][et_pb_blurb use_icon=&#8221;on&#8221; font_icon=&#8221;%%83%%&#8221; icon_color=&#8221;#e03a31&#8243; use_icon_font_size=&#8221;on&#8221; icon_font_size_last_edited=&#8221;on|desktop&#8221; icon_font_size=&#8221;80px&#8221; icon_font_size_phone=&#8221;60px&#8221; _builder_version=&#8221;3.0.106&#8243; body_font=&#8221;||||||||&#8221; body_font_size_phone=&#8221;12px&#8221; body_font_size_last_edited=&#8221;on|desktop&#8221; text_orientation=&#8221;center&#8221; module_alignment=&#8221;center&#8221; custom_margin_phone=&#8221;||30px|&#8221; custom_margin_last_edited=&#8221;on|desktop&#8221; animation_style=&#8221;bounce&#8221; animation_delay=&#8221;150ms&#8221;]Je\u017celi szukasz pracy \u2013 sta\u0142ej lub tymczasowej, interesuj\u0105cych praktyk w Lublinie, w innej cz\u0119\u015bci kraju lub za granic\u0105, Biuro Karier jest w\u0142a\u015bciwym miejscem do wizyty w pierwszej kolejno\u015bci<br \/>\n[\/et_pb_blurb][\/et_pb_column][et_pb_column type=&#8221;1_2&#8243; _builder_version=&#8221;3.0.47&#8243; parallax=&#8221;off&#8221; parallax_method=&#8221;on&#8221;][et_pb_blurb use_icon=&#8221;on&#8221; font_icon=&#8221;%%155%%&#8221; icon_color=&#8221;#e03a31&#8243; use_icon_font_size=&#8221;on&#8221; icon_font_size_last_edited=&#8221;on|desktop&#8221; icon_font_size=&#8221;80px&#8221; icon_font_size_phone=&#8221;60px&#8221; _builder_version=&#8221;3.0.106&#8243; body_font=&#8221;||||||||&#8221; body_font_size_phone=&#8221;12px&#8221; body_font_size_last_edited=&#8221;on|desktop&#8221; text_orientation=&#8221;center&#8221; module_alignment=&#8221;center&#8221; animation_style=&#8221;bounce&#8221; animation_delay=&#8221;350ms&#8221;]W ramach programu Erasmus, Leonardo da Vinci, Grundtvig, FSS, WSPA za po\u015brednictwem Dzia\u0142u Wsp\u00f3\u0142pracy Mi\u0119dzynarodowej proponuje jedno i dwu semestralne wyjazdy naukowe do kraj\u00f3w UE, jak r\u00f3wnie\u017c kilkumiesi\u0119czne, p\u0142atne praktyki w mi\u0119dzynarodowych firmach i instytucjach.<br \/>\n[\/et_pb_blurb][\/et_pb_column][\/et_pb_row][\/et_pb_section][et_pb_section fb_built=&#8221;1&#8243; background_color=&#8221;rgba(0,0,0,0.05)&#8221; _builder_version=&#8221;3.0.106&#8243; background_image=&#8221;http:\/\/lukaszabramczuk.com\/wspa\/wp-content\/uploads\/2018\/11\/samo2.png&#8221; parallax=&#8221;on&#8221; parallax_method=&#8221;off&#8221; custom_padding=&#8221;0|0px|0|0px&#8221;][et_pb_row custom_padding=&#8221;60px|0px|60px|0px&#8221; _builder_version=&#8221;3.0.106&#8243;][et_pb_column type=&#8221;4_4&#8243; _builder_version=&#8221;3.0.47&#8243; parallax=&#8221;off&#8221; parallax_method=&#8221;on&#8221;][et_pb_text _builder_version=&#8221;3.0.106&#8243; text_font=&#8221;Montserrat|300||on|||||&#8221; text_font_size=&#8221;20px&#8221; text_font_size_phone=&#8221;12px&#8221; text_font_size_last_edited=&#8221;on|desktop&#8221; text_line_height=&#8221;1.8em&#8221; border_width_all=&#8221;1px&#8221; border_color_all=&#8221;#c9c9c9&#8243; text_orientation=&#8221;center&#8221; custom_padding=&#8221;10px|10px|10px|10px&#8221;]Biuro Karier WSPA jest instytucj\u0105 rynku pracy, dzia\u0142aj\u0105c\u0105 jako zarejestrowana w rejestrze Ministerstwa Pracy i Polityki Socjalnej, Agencja Zatrudnienia.<br \/>\n[\/et_pb_text][\/et_pb_column][\/et_pb_row][\/et_pb_section][et_pb_section fb_built=&#8221;1&#8243; next_background_color=&#8221;rgba(0,0,0,0.05)&#8221; _builder_version=&#8221;3.0.106&#8243; custom_padding=&#8221;0|0px|116px|0px&#8221; bottom_divider_style=&#8221;arrow3&#8243;][et_pb_row custom_padding=&#8221;100px|0px|70px|0px&#8221; _builder_version=&#8221;3.0.106&#8243;][et_pb_column type=&#8221;4_4&#8243; _builder_version=&#8221;3.0.47&#8243; parallax=&#8221;off&#8221; parallax_method=&#8221;on&#8221;][et_pb_text _builder_version=&#8221;3.0.106&#8243; text_font=&#8221;Montserrat|300||on|||||&#8221; text_font_size=&#8221;30px&#8221; text_font_size_phone=&#8221;21px&#8221; text_font_size_last_edited=&#8221;on|desktop&#8221; text_text_color=&#8221;#000000&#8243; text_letter_spacing=&#8221;2px&#8221; text_line_height_phone=&#8221;2em&#8221; text_line_height_last_edited=&#8221;on|desktop&#8221; link_font=&#8221;||||||||&#8221; ul_font=&#8221;||||||||&#8221; header_font=&#8221;||||||||&#8221; text_orientation=&#8221;center&#8221; animation_style=&#8221;slide&#8221; animation_direction=&#8221;bottom&#8221;]W rozmowie z doradc\u0105 zawodowym mo\u017cesz:<br \/>\n[\/et_pb_text][\/et_pb_column][\/et_pb_row][et_pb_row custom_padding=&#8221;0|0px|27px|0px&#8221; _builder_version=&#8221;3.0.106&#8243;][et_pb_column type=&#8221;1_3&#8243; _builder_version=&#8221;3.0.47&#8243; parallax=&#8221;off&#8221; parallax_method=&#8221;on&#8221;][et_pb_blurb use_icon=&#8221;on&#8221; font_icon=&#8221;%%121%%&#8221; icon_color=&#8221;#e03a31&#8243; use_icon_font_size=&#8221;on&#8221; icon_font_size_last_edited=&#8221;on|desktop&#8221; icon_font_size=&#8221;80px&#8221; icon_font_size_phone=&#8221;60px&#8221; _builder_version=&#8221;3.0.106&#8243; body_font=&#8221;||||||||&#8221; body_font_size_phone=&#8221;12px&#8221; body_font_size_last_edited=&#8221;on|desktop&#8221; text_orientation=&#8221;center&#8221; custom_margin_phone=&#8221;||30px|&#8221; custom_margin_last_edited=&#8221;on|desktop&#8221; animation_style=&#8221;bounce&#8221; animation_delay=&#8221;200ms&#8221;]Rozwia\u0107 w\u0105tpliwo\u015bci dotycz\u0105ce wyboru drogi zawodowej<br \/>\n[\/et_pb_blurb][\/et_pb_column][et_pb_column type=&#8221;1_3&#8243; _builder_version=&#8221;3.0.47&#8243; parallax=&#8221;off&#8221; parallax_method=&#8221;on&#8221;][et_pb_blurb use_icon=&#8221;on&#8221; font_icon=&#8221;%%147%%&#8221; icon_color=&#8221;#e03a31&#8243; use_icon_font_size=&#8221;on&#8221; icon_font_size_last_edited=&#8221;on|desktop&#8221; icon_font_size=&#8221;80px&#8221; icon_font_size_phone=&#8221;60px&#8221; _builder_version=&#8221;3.0.106&#8243; body_font=&#8221;||||||||&#8221; body_font_size_phone=&#8221;12px&#8221; body_font_size_last_edited=&#8221;on|desktop&#8221; text_orientation=&#8221;center&#8221; custom_margin_phone=&#8221;||30px|&#8221; custom_margin_last_edited=&#8221;on|desktop&#8221; animation_style=&#8221;bounce&#8221;]Dowiedzie\u0107 si\u0119 wi\u0119cej o sobie: o swoich mocnych i s\u0142abych stronach, kompetencjach i umiej\u0119tno\u015bciach nad czym m\u00f3g\u0142by\u015b popracowa\u0107<br \/>\n[\/et_pb_blurb][\/et_pb_column][et_pb_column type=&#8221;1_3&#8243; _builder_version=&#8221;3.0.47&#8243; parallax=&#8221;off&#8221; parallax_method=&#8221;on&#8221;][et_pb_blurb use_icon=&#8221;on&#8221; font_icon=&#8221;%%92%%&#8221; icon_color=&#8221;#e03a31&#8243; use_icon_font_size=&#8221;on&#8221; icon_font_size_last_edited=&#8221;on|desktop&#8221; icon_font_size=&#8221;80px&#8221; icon_font_size_phone=&#8221;60px&#8221; _builder_version=&#8221;3.0.106&#8243; body_font=&#8221;||||||||&#8221; body_font_size_phone=&#8221;12px&#8221; body_font_size_last_edited=&#8221;on|desktop&#8221; text_orientation=&#8221;center&#8221; custom_margin_phone=&#8221;||30px|&#8221; custom_margin_last_edited=&#8221;on|desktop&#8221; animation_style=&#8221;bounce&#8221; animation_delay=&#8221;400ms&#8221;]Zaplanowa\u0107 efektywne poszukiwanie pracy, pozna\u0107 metody poszukiwania pracy, zasady tworzenia dokument\u00f3w aplikacyjnych, przygotowa\u0107 si\u0119 do autoprezentacji i rozmowy kwalifikacyjnej<br \/>\n[\/et_pb_blurb][\/et_pb_column][\/et_pb_row][et_pb_row use_custom_width=&#8221;on&#8221; custom_width_px=&#8221;800px&#8221; custom_padding=&#8221;0|0px|27px|0px&#8221; _builder_version=&#8221;3.0.106&#8243;][et_pb_column type=&#8221;1_2&#8243; _builder_version=&#8221;3.0.47&#8243; parallax=&#8221;off&#8221; parallax_method=&#8221;on&#8221;][et_pb_blurb use_icon=&#8221;on&#8221; font_icon=&#8221;%%160%%&#8221; icon_color=&#8221;#e03a31&#8243; use_icon_font_size=&#8221;on&#8221; icon_font_size_last_edited=&#8221;on|desktop&#8221; icon_font_size=&#8221;80px&#8221; icon_font_size_phone=&#8221;60px&#8221; _builder_version=&#8221;3.0.106&#8243; body_font=&#8221;||||||||&#8221; body_font_size_phone=&#8221;12px&#8221; body_font_size_last_edited=&#8221;on|desktop&#8221; text_orientation=&#8221;center&#8221; max_width=&#8221;80%&#8221; module_alignment=&#8221;center&#8221; custom_margin_phone=&#8221;||30px|&#8221; custom_margin_last_edited=&#8221;on|desktop&#8221; animation_style=&#8221;bounce&#8221; animation_delay=&#8221;300ms&#8221;]Zdoby\u0107 informacje zwi\u0105zane z planowaniem w\u0142asnej dzia\u0142alno\u015bci gospodarczej<br \/>\n[\/et_pb_blurb][\/et_pb_column][et_pb_column type=&#8221;1_2&#8243; _builder_version=&#8221;3.0.47&#8243; parallax=&#8221;off&#8221; parallax_method=&#8221;on&#8221;][et_pb_blurb use_icon=&#8221;on&#8221; font_icon=&#8221;%%122%%&#8221; icon_color=&#8221;#e03a31&#8243; use_icon_font_size=&#8221;on&#8221; icon_font_size_last_edited=&#8221;on|desktop&#8221; icon_font_size=&#8221;80px&#8221; icon_font_size_phone=&#8221;60px&#8221; _builder_version=&#8221;3.0.106&#8243; body_font=&#8221;||||||||&#8221; body_font_size_phone=&#8221;12px&#8221; body_font_size_last_edited=&#8221;on|desktop&#8221; text_orientation=&#8221;center&#8221; max_width=&#8221;80%&#8221; module_alignment=&#8221;center&#8221; animation_style=&#8221;bounce&#8221; animation_delay=&#8221;150ms&#8221;]Dokona\u0107 odpowiedniego wyboru miejsca odbywania praktyk<br \/>\n[\/et_pb_blurb][\/et_pb_column][\/et_pb_row][\/et_pb_section][et_pb_section fb_built=&#8221;1&#8243; background_color=&#8221;rgba(0,0,0,0.05)&#8221; _builder_version=&#8221;3.0.106&#8243; background_image=&#8221;http:\/\/lukaszabramczuk.com\/wspa\/wp-content\/uploads\/2018\/11\/samo2.png&#8221; parallax=&#8221;on&#8221; parallax_method=&#8221;off&#8221; custom_padding=&#8221;0|0px|0|0px&#8221; top_divider_color=&#8221;rgba(0,0,0,0.05)&#8221; top_divider_height=&#8221;388px&#8221;][et_pb_row custom_padding=&#8221;44px|0px|62px|0px&#8221; _builder_version=&#8221;3.0.106&#8243;][et_pb_column type=&#8221;4_4&#8243; _builder_version=&#8221;3.0.47&#8243; parallax=&#8221;off&#8221; parallax_method=&#8221;on&#8221;][et_pb_text _builder_version=&#8221;3.0.106&#8243; text_font=&#8221;Montserrat|300||on|||||&#8221; text_font_size=&#8221;20px&#8221; text_font_size_phone=&#8221;12px&#8221; text_font_size_last_edited=&#8221;on|desktop&#8221; text_line_height=&#8221;1.8em&#8221; border_width_all=&#8221;1px&#8221; border_color_all=&#8221;#c9c9c9&#8243; text_orientation=&#8221;center&#8221; custom_padding=&#8221;10px|10px|10px|10px&#8221;]Je\u015bli chcesz zmieni\u0107 spos\u00f3b my\u015blenia o w\u0142asnej sytuacji zawodowej oraz wzbudzi\u0107 swoja motywacj\u0119 w tym zakresie, przyjd\u017a i um\u00f3w si\u0119 na spotkanie indywidualne<br \/>\nz doradc\u0105.<br \/>\n[\/et_pb_text][\/et_pb_column][\/et_pb_row][\/et_pb_section][et_pb_section fb_built=&#8221;1&#8243; _builder_version=&#8221;3.0.106&#8243; custom_padding=&#8221;70px|0px|30px|0px&#8221;][et_pb_row custom_padding=&#8221;0|0px|0|0px&#8221; _builder_version=&#8221;3.0.106&#8243;][et_pb_column type=&#8221;4_4&#8243; _builder_version=&#8221;3.0.47&#8243; parallax=&#8221;off&#8221; parallax_method=&#8221;on&#8221;][et_pb_text _builder_version=&#8221;3.0.106&#8243; text_font=&#8221;Montserrat|300||on|||||&#8221; text_font_size=&#8221;30px&#8221; text_font_size_phone=&#8221;21px&#8221; text_font_size_last_edited=&#8221;on|desktop&#8221; text_text_color=&#8221;#000000&#8243; text_letter_spacing=&#8221;2px&#8221; text_line_height_phone=&#8221;2em&#8221; text_line_height_last_edited=&#8221;on|desktop&#8221; link_font=&#8221;||||||||&#8221; ul_font=&#8221;||||||||&#8221; header_font=&#8221;||||||||&#8221; text_orientation=&#8221;center&#8221; animation_style=&#8221;slide&#8221; animation_direction=&#8221;bottom&#8221;]skontaktuj sie z nami<br \/>\n[\/et_pb_text][\/et_pb_column][\/et_pb_row][\/et_pb_section][et_pb_section fb_built=&#8221;1&#8243; background_color=&#8221;rgba(0,0,0,0.05)&#8221; prev_background_color=&#8221;#ffffff&#8221; _builder_version=&#8221;3.0.106&#8243; custom_padding=&#8221;0|0px|76px|0px&#8221; top_divider_style=&#8221;arrow3&#8243; top_divider_flip=&#8221;horizontal&#8221;][et_pb_row use_custom_width=&#8221;on&#8221; width_unit=&#8221;off&#8221; custom_width_percent=&#8221;85%&#8221; use_custom_gutter=&#8221;on&#8221; gutter_width=&#8221;1&#8243; custom_padding=&#8221;0|2px|70px|0&#8243; make_equal=&#8221;on&#8221; background_color=&#8221;rgba(255,255,255,0.91)&#8221; _builder_version=&#8221;3.0.106&#8243; background_image=&#8221;http:\/\/lukaszabramczuk.com\/wspa\/wp-content\/uploads\/2018\/11\/pexels-photo-459654.jpeg&#8221; background_position=&#8221;top_left&#8221; background_blend=&#8221;overlay&#8221; module_alignment=&#8221;center&#8221;][et_pb_column type=&#8221;1_2&#8243; _builder_version=&#8221;3.0.47&#8243; parallax=&#8221;off&#8221; parallax_method=&#8221;on&#8221;][et_pb_blurb title=&#8221;Akademickie Biuro Karier&#8221; image=&#8221;http:\/\/lukaszabramczuk.com\/wspa\/wp-content\/uploads\/2018\/11\/samo.png&#8221; icon_placement=&#8221;left&#8221; _builder_version=&#8221;3.0.106&#8243; header_font_size_phone=&#8221;15px&#8221; header_font_size_last_edited=&#8221;on|desktop&#8221; body_font_size_phone=&#8221;12px&#8221; body_font_size_last_edited=&#8221;on|phone&#8221; custom_margin=&#8221;50px|||300px&#8221; custom_margin_phone=&#8221;0px|||40px&#8221; custom_margin_last_edited=&#8221;on|desktop&#8221;]<\/p>\n<p>ul. Bursaki 12, 20-150 Lublin, Polska<br \/>\npok\u00f3j nr 200 &#8211; pi\u0119tro II<\/p>\n<p>tel. 81 45 29 439<br \/>\ne-mail: biurokarier@wspa.pl<\/p>\n<p>[\/et_pb_blurb][\/et_pb_column][et_pb_column type=&#8221;1_2&#8243; _builder_version=&#8221;3.0.47&#8243; parallax=&#8221;off&#8221; parallax_method=&#8221;on&#8221;][et_pb_blurb title=&#8221;Dy\u017cur doradcy zawodowego&#8221; image=&#8221;http:\/\/lukaszabramczuk.com\/wspa\/wp-content\/uploads\/2018\/11\/samo.png&#8221; icon_placement=&#8221;left&#8221; _builder_version=&#8221;3.0.106&#8243; header_font=&#8221;||||||||&#8221; header_font_size_phone=&#8221;15px&#8221; header_font_size_last_edited=&#8221;on|desktop&#8221; body_font=&#8221;||||||||&#8221; body_font_size_phone=&#8221;12px&#8221; body_font_size_last_edited=&#8221;on|desktop&#8221; custom_margin=&#8221;|||&#8221; custom_margin_last_edited=&#8221;off|desktop&#8221; custom_padding=&#8221;50px|||110px&#8221; custom_padding_phone=&#8221;50px|||40px&#8221; custom_padding_last_edited=&#8221;on|desktop&#8221;]<\/p>\n<p>Wtorek: od 09:00 \u2013 13:00<br \/>\n\u015aroda: od 12:00 \u2013 15:00<br \/>\nCzwartek: od 09:00 \u2013 13:00<\/p>\n<p>Prosimy o wcze\u015bniejsze telefoniczne<br \/>\nlub e-mailowe umawianie si\u0119 na spotkania.<br \/>\n[\/et_pb_blurb][\/et_pb_column][\/et_pb_row][\/et_pb_section]<\/p>\n","protected":false},"excerpt":{"rendered":"<p>[et_pb_section fb_built=&#8221;1&#8243; background_color=&#8221;rgba(0,0,0,0.05)&#8221; _builder_version=&#8221;3.0.106&#8243; background_image=&#8221;http:\/\/lukaszabramczuk.com\/wspa\/wp-content\/uploads\/2018\/11\/samo2.png&#8221; parallax=&#8221;on&#8221; parallax_method=&#8221;off&#8221; custom_padding=&#8221;0|0px|0|0px&#8221;][et_pb_row custom_padding=&#8221;60px|0px|60px|0px&#8221; _builder_version=&#8221;3.0.106&#8243;][et_pb_column type=&#8221;4_4&#8243; _builder_version=&#8221;3.0.47&#8243; parallax=&#8221;off&#8221; parallax_method=&#8221;on&#8221;][et_pb_text _builder_version=&#8221;3.0.106&#8243; text_font=&#8221;Montserrat|300||on|||||&#8221; text_font_size=&#8221;20px&#8221; text_font_size_phone=&#8221;12px&#8221; text_font_size_last_edited=&#8221;on|tablet&#8221; text_line_height=&#8221;1.8em&#8221; header_font=&#8221;||||||||&#8221; border_width_all=&#8221;1px&#8221; border_color_all=&#8221;#c9c9c9&#8243; text_orientation=&#8221;center&#8221; custom_padding=&#8221;10px|10px|10px|10px&#8221;]Biuro Karier w Wy\u017cszej Szkole Przedsi\u0119biorczo\u015bci i Administracji w Lublinie \u015bwiadczy us\u0142ugi doradcze z zakresu projektowania \u015bcie\u017cki edukacyjnej i rozwojowej dla kandydat\u00f3w, student\u00f3w i absolwent\u00f3w. Przygotowuje te osoby do swobodnego poruszaniu [&hellip;]<\/p>\n","protected":false},"author":7,"featured_media":0,"parent":0,"menu_order":0,"comment_status":"closed","ping_status":"closed","template":"","meta":{"footnotes":"","_links_to":"","_links_to_target":""},"_links":{"self":[{"href":"https:\/\/abk.wspa.pl\/index.php\/wp-json\/wp\/v2\/pages\/13"}],"collection":[{"href":"https:\/\/abk.wspa.pl\/index.php\/wp-json\/wp\/v2\/pages"}],"about":[{"href":"https:\/\/abk.wspa.pl\/index.php\/wp-json\/wp\/v2\/types\/page"}],"author":[{"embeddable":true,"href":"https:\/\/abk.wspa.pl\/index.php\/wp-json\/wp\/v2\/users\/7"}],"replies":[{"embeddable":true,"href":"https:\/\/abk.wspa.pl\/index.php\/wp-json\/wp\/v2\/comments?post=13"}],"version-history":[{"count":16,"href":"https:\/\/abk.wspa.pl\/index.php\/wp-json\/wp\/v2\/pages\/13\/revisions"}],"predecessor-version":[{"id":8989,"href":"https:\/\/abk.wspa.pl\/index.php\/wp-json\/wp\/v2\/pages\/13\/revisions\/8989"}],"wp:attachment":[{"href":"https:\/\/abk.wspa.pl\/index.php\/wp-json\/wp\/v2\/media?parent=13"}],"curies":[{"name":"wp","href":"https:\/\/api.w.org\/{rel}","templated":true}]}}